{"id":135,"date":"2024-03-22T14:07:58","date_gmt":"2024-03-22T13:07:58","guid":{"rendered":"https:\/\/privakreed.com\/?page_id=135"},"modified":"2025-03-07T10:15:33","modified_gmt":"2025-03-07T09:15:33","slug":"pret-voyage","status":"publish","type":"page","link":"https:\/\/privakreed.com\/index.php\/pret-voyage\/","title":{"rendered":"Pr\u00eat voyage"},"content":{"rendered":"\t\t<div data-elementor-type=\"wp-page\" data-elementor-id=\"135\" class=\"elementor elementor-135\" data-elementor-post-type=\"page\">\n\t\t\t\t<div class=\"elementor-element elementor-element-a586c6c e-flex e-con-boxed e-con e-parent\" data-id=\"a586c6c\" data-element_type=\"container\" data-settings=\"{&quot;background_background&quot;:&quot;classic&quot;}\">\n\t\t\t\t\t<div class=\"e-con-inner\">\n\t\t\t\t<div class=\"elementor-element elementor-element-13c1ee0 elementor-widget elementor-widget-heading\" data-id=\"13c1ee0\" data-element_type=\"widget\" data-widget_type=\"heading.default\">\n\t\t\t\t<div class=\"elementor-widget-container\">\n\t\t\t\t\t<h2 class=\"elementor-heading-title elementor-size-default\">Cr\u00e9dit vacances : je pr\u00e9pare des vacances de r\u00eave<\/h2>\t\t\t\t<\/div>\n\t\t\t\t<\/div>\n\t\t\t\t\t<\/div>\n\t\t\t\t<\/div>\n\t\t<div class=\"elementor-element elementor-element-b4a24f1 e-flex e-con-boxed e-con e-parent\" data-id=\"b4a24f1\" data-element_type=\"container\">\n\t\t\t\t\t<div class=\"e-con-inner\">\n\t\t<div class=\"elementor-element elementor-element-d6846b4 e-flex e-con-boxed e-con e-child\" data-id=\"d6846b4\" data-element_type=\"container\">\n\t\t\t\t\t<div class=\"e-con-inner\">\n\t\t\t\t<div class=\"elementor-element elementor-element-853a272 elementor-widget elementor-widget-heading\" data-id=\"853a272\" data-element_type=\"widget\" data-widget_type=\"heading.default\">\n\t\t\t\t<div class=\"elementor-widget-container\">\n\t\t\t\t\t<h2 class=\"elementor-heading-title elementor-size-default\">Meilleure offre de cr\u00e9dit voyage du moment<\/h2>\t\t\t\t<\/div>\n\t\t\t\t<\/div>\n\t\t\t\t<div class=\"elementor-element elementor-element-d71e1f0 elementor-widget elementor-widget-text-editor\" data-id=\"d71e1f0\" data-element_type=\"widget\" data-widget_type=\"text-editor.default\">\n\t\t\t\t<div class=\"elementor-widget-container\">\n\t\t\t\t\t\t\t\t\t<p>Pour voyager en France ou partir \u00e0 l\u2019autre bout du monde, les cr\u00e9dits voyages font partie int\u00e9grante des solutions financi\u00e8res pl\u00e9biscit\u00e9es par des vacanciers toujours plus nombreux. Le guide ultime de Crevits d\u00e9termine comment obtenir la meilleure offre de cr\u00e9dit voyage du moment.<\/p>\t\t\t\t\t\t\t\t<\/div>\n\t\t\t\t<\/div>\n\t\t\t\t\t<\/div>\n\t\t\t\t<\/div>\n\t\t\t\t\t<\/div>\n\t\t\t\t<\/div>\n\t\t<div class=\"elementor-element elementor-element-030827d e-flex e-con-boxed e-con e-parent\" data-id=\"030827d\" data-element_type=\"container\">\n\t\t\t\t\t<div class=\"e-con-inner\">\n\t\t<div class=\"elementor-element elementor-element-213b563 e-flex e-con-boxed e-con e-child\" data-id=\"213b563\" data-element_type=\"container\">\n\t\t\t\t\t<div class=\"e-con-inner\">\n\t\t\t\t<div class=\"elementor-element elementor-element-1315966 elementor-widget elementor-widget-heading\" data-id=\"1315966\" data-element_type=\"widget\" data-widget_type=\"heading.default\">\n\t\t\t\t<div class=\"elementor-widget-container\">\n\t\t\t\t\t<h2 class=\"elementor-heading-title elementor-size-default\">Votre Cr\u00e9dit Voyage chez Private kredit<\/h2>\t\t\t\t<\/div>\n\t\t\t\t<\/div>\n\t\t\t\t<div class=\"elementor-element elementor-element-5707fcc elementor-widget elementor-widget-text-editor\" data-id=\"5707fcc\" data-element_type=\"widget\" data-widget_type=\"text-editor.default\">\n\t\t\t\t<div class=\"elementor-widget-container\">\n\t\t\t\t\t\t\t\t\t<table border=\"0\"><tbody><tr><td><p class=\"line-title\">Projet<\/p><\/td><td class=\"selected\"><p class=\"big\">Cr\u00e9dit Voyage<\/p><\/td><\/tr><tr><td><p class=\"line-title\">Montant du pr\u00eat<\/p><\/td><td class=\"selected\"><p class=\"big\">3000\u20ac \u00e0 50 000\u20ac<\/p><\/td><\/tr><tr><td><p class=\"line-title\">Dur\u00e9e du cr\u00e9dit<\/p><\/td><td class=\"selected\"><p class=\"big\">6 \u00e0 84 mois<\/p><\/td><\/tr><tr><td><p class=\"line-title\">Taux d&rsquo;appel<\/p><\/td><td class=\"selected\"><p class=\"big\">A partir de 1,9% TAEG Fixe<\/p><\/td><\/tr><tr><td><p class=\"line-title\">D\u00e9lai de r\u00e9ponse<\/p><\/td><td class=\"selected\"><p class=\"big\">R\u00e9ponse d\u00e9finitive imm\u00e9diate*<\/p><\/td><\/tr><tr><td><p class=\"line-title\">Type de Credit<\/p><\/td><td class=\"selected\"><p class=\"big\">Amortissable<\/p><\/td><\/tr><tr><td><p class=\"line-title\">Type de Taux<\/p><\/td><td class=\"selected\"><p class=\"big\">Fixe<\/p><\/td><\/tr><\/tbody><\/table>\t\t\t\t\t\t\t\t<\/div>\n\t\t\t\t<\/div>\n\t\t\t\t\t<\/div>\n\t\t\t\t<\/div>\n\t\t\t\t\t<\/div>\n\t\t\t\t<\/div>\n\t\t<div class=\"elementor-element elementor-element-f67b633 e-flex e-con-boxed e-con e-parent\" data-id=\"f67b633\" data-element_type=\"container\">\n\t\t\t\t\t<div class=\"e-con-inner\">\n\t\t<div class=\"elementor-element elementor-element-3cd5481 e-flex e-con-boxed e-con e-child\" data-id=\"3cd5481\" data-element_type=\"container\">\n\t\t\t\t\t<div class=\"e-con-inner\">\n\t\t<div class=\"elementor-element elementor-element-e25f723 e-flex e-con-boxed e-con e-child\" data-id=\"e25f723\" data-element_type=\"container\">\n\t\t\t\t\t<div class=\"e-con-inner\">\n\t\t\t\t<div class=\"elementor-element elementor-element-d83d9a0 elementor-cta--skin-classic elementor-animated-content elementor-bg-transform elementor-bg-transform-zoom-in elementor-widget elementor-widget-call-to-action\" data-id=\"d83d9a0\" data-element_type=\"widget\" data-widget_type=\"call-to-action.default\">\n\t\t\t\t<div class=\"elementor-widget-container\">\n\t\t\t\t\t\t\t<div class=\"elementor-cta\">\n\t\t\t\t\t\t\t<div class=\"elementor-cta__content\">\n\t\t\t\t\n\t\t\t\t<h2 class=\"elementor-cta__title elementor-cta__content-item elementor-content-item\">Vous h\u00e9sitez encore ?<\/h2>\n\t\t\t\t\t\t\t\t\t<div class=\"elementor-cta__description elementor-cta__content-item elementor-content-item\">\n\t\t\t\t\t\tPrivate kredit vous aide \u00e0 trouver le cr\u00e9dit qui est vraiment fait pour vous.\t\t\t\t\t<\/div>\n\t\t\t\t\n\t\t\t\t\t\t\t\t\t<div class=\"elementor-cta__button-wrapper elementor-cta__content-item elementor-content-item \">\n\t\t\t\t\t<a class=\"elementor-cta__button elementor-button elementor-size-sm\" href=\"https:\/\/privakreed.com\/index.php\/demander-un-credit\/\">\n\t\t\t\t\t\tDemander un cr\u00e9dit\t\t\t\t\t<\/a>\n\t\t\t\t\t<\/div>\n\t\t\t\t\t\t\t<\/div>\n\t\t\t\t\t\t<\/div>\n\t\t\t\t\t\t<\/div>\n\t\t\t\t<\/div>\n\t\t\t\t\t<\/div>\n\t\t\t\t<\/div>\n\t\t\t\t\t<\/div>\n\t\t\t\t<\/div>\n\t\t\t\t\t<\/div>\n\t\t\t\t<\/div>\n\t\t\t\t<\/div>\n\t\t","protected":false},"excerpt":{"rendered":"<p>Cr\u00e9dit vacances : je pr\u00e9pare des vacances de r\u00eave Meilleure offre de cr\u00e9dit voyage du moment Pour voyager en France ou partir \u00e0 l\u2019autre bout du monde, les cr\u00e9dits voyages font partie int\u00e9grante des solutions financi\u00e8res pl\u00e9biscit\u00e9es par des vacanciers toujours plus nombreux. Le guide ultime de Crevits d\u00e9termine comment obtenir la meilleure offre de [&hellip;]<\/p>\n","protected":false},"author":1,"featured_media":0,"parent":0,"menu_order":0,"comment_status":"closed","ping_status":"closed","template":"elementor_header_footer","meta":{"footnotes":""},"class_list":["post-135","page","type-page","status-publish","hentry"],"yoast_head":"<!-- This site is optimized with the Yoast SEO plugin v25.6 - https:\/\/yoast.com\/wordpress\/plugins\/seo\/ -->\n<title>Pr\u00eat voyage - Private kredit<\/title>\n<meta name=\"robots\" content=\"index, follow, max-snippet:-1, max-image-preview:large, max-video-preview:-1\" \/>\n<link rel=\"canonical\" href=\"https:\/\/privakreed.com\/index.php\/pret-voyage\/\" \/>\n<meta property=\"og:locale\" content=\"fr_FR\" \/>\n<meta property=\"og:type\" content=\"article\" \/>\n<meta property=\"og:title\" content=\"Pr\u00eat voyage - Private kredit\" \/>\n<meta property=\"og:description\" content=\"Cr\u00e9dit vacances : je pr\u00e9pare des vacances de r\u00eave Meilleure offre de cr\u00e9dit voyage du moment Pour voyager en France ou partir \u00e0 l\u2019autre bout du monde, les cr\u00e9dits voyages font partie int\u00e9grante des solutions financi\u00e8res pl\u00e9biscit\u00e9es par des vacanciers toujours plus nombreux. Le guide ultime de Crevits d\u00e9termine comment obtenir la meilleure offre de [&hellip;]\" \/>\n<meta property=\"og:url\" content=\"https:\/\/privakreed.com\/index.php\/pret-voyage\/\" \/>\n<meta property=\"og:site_name\" content=\"Private kredit\" \/>\n<meta property=\"article:modified_time\" content=\"2025-03-07T09:15:33+00:00\" \/>\n<meta name=\"twitter:card\" content=\"summary_large_image\" \/>\n<meta name=\"twitter:label1\" content=\"Dur\u00e9e de lecture estim\u00e9e\" \/>\n\t<meta name=\"twitter:data1\" content=\"1 minute\" \/>\n<script type=\"application\/ld+json\" class=\"yoast-schema-graph\">{\"@context\":\"https:\/\/schema.org\",\"@graph\":[{\"@type\":\"WebPage\",\"@id\":\"https:\/\/privakreed.com\/index.php\/pret-voyage\/\",\"url\":\"https:\/\/privakreed.com\/index.php\/pret-voyage\/\",\"name\":\"Pr\u00eat voyage - Private kredit\",\"isPartOf\":{\"@id\":\"https:\/\/privakreed.com\/#website\"},\"datePublished\":\"2024-03-22T13:07:58+00:00\",\"dateModified\":\"2025-03-07T09:15:33+00:00\",\"breadcrumb\":{\"@id\":\"https:\/\/privakreed.com\/index.php\/pret-voyage\/#breadcrumb\"},\"inLanguage\":\"fr-FR\",\"potentialAction\":[{\"@type\":\"ReadAction\",\"target\":[\"https:\/\/privakreed.com\/index.php\/pret-voyage\/\"]}]},{\"@type\":\"BreadcrumbList\",\"@id\":\"https:\/\/privakreed.com\/index.php\/pret-voyage\/#breadcrumb\",\"itemListElement\":[{\"@type\":\"ListItem\",\"position\":1,\"name\":\"Accueil\",\"item\":\"https:\/\/privakreed.com\/\"},{\"@type\":\"ListItem\",\"position\":2,\"name\":\"Pr\u00eat voyage\"}]},{\"@type\":\"WebSite\",\"@id\":\"https:\/\/privakreed.com\/#website\",\"url\":\"https:\/\/privakreed.com\/\",\"name\":\"Crevits Financer\",\"description\":\"Le cr\u00e9dit qu&#039;il vous faut\",\"publisher\":{\"@id\":\"https:\/\/privakreed.com\/#organization\"},\"potentialAction\":[{\"@type\":\"SearchAction\",\"target\":{\"@type\":\"EntryPoint\",\"urlTemplate\":\"https:\/\/privakreed.com\/?s={search_term_string}\"},\"query-input\":{\"@type\":\"PropertyValueSpecification\",\"valueRequired\":true,\"valueName\":\"search_term_string\"}}],\"inLanguage\":\"fr-FR\"},{\"@type\":\"Organization\",\"@id\":\"https:\/\/privakreed.com\/#organization\",\"name\":\"Crevits Financer\",\"url\":\"https:\/\/privakreed.com\/\",\"logo\":{\"@type\":\"ImageObject\",\"inLanguage\":\"fr-FR\",\"@id\":\"https:\/\/privakreed.com\/#\/schema\/logo\/image\/\",\"url\":\"https:\/\/privakreed.com\/wp-content\/uploads\/2024\/03\/CREVITS-FINANCER.png\",\"contentUrl\":\"https:\/\/privakreed.com\/wp-content\/uploads\/2024\/03\/CREVITS-FINANCER.png\",\"width\":176,\"height\":50,\"caption\":\"Crevits Financer\"},\"image\":{\"@id\":\"https:\/\/privakreed.com\/#\/schema\/logo\/image\/\"}}]}<\/script>\n<!-- \/ Yoast SEO plugin. -->","yoast_head_json":{"title":"Pr\u00eat voyage - Private kredit","robots":{"index":"index","follow":"follow","max-snippet":"max-snippet:-1","max-image-preview":"max-image-preview:large","max-video-preview":"max-video-preview:-1"},"canonical":"https:\/\/privakreed.com\/index.php\/pret-voyage\/","og_locale":"fr_FR","og_type":"article","og_title":"Pr\u00eat voyage - Private kredit","og_description":"Cr\u00e9dit vacances : je pr\u00e9pare des vacances de r\u00eave Meilleure offre de cr\u00e9dit voyage du moment Pour voyager en France ou partir \u00e0 l\u2019autre bout du monde, les cr\u00e9dits voyages font partie int\u00e9grante des solutions financi\u00e8res pl\u00e9biscit\u00e9es par des vacanciers toujours plus nombreux. Le guide ultime de Crevits d\u00e9termine comment obtenir la meilleure offre de [&hellip;]","og_url":"https:\/\/privakreed.com\/index.php\/pret-voyage\/","og_site_name":"Private kredit","article_modified_time":"2025-03-07T09:15:33+00:00","twitter_card":"summary_large_image","twitter_misc":{"Dur\u00e9e de lecture estim\u00e9e":"1 minute"},"schema":{"@context":"https:\/\/schema.org","@graph":[{"@type":"WebPage","@id":"https:\/\/privakreed.com\/index.php\/pret-voyage\/","url":"https:\/\/privakreed.com\/index.php\/pret-voyage\/","name":"Pr\u00eat voyage - Private kredit","isPartOf":{"@id":"https:\/\/privakreed.com\/#website"},"datePublished":"2024-03-22T13:07:58+00:00","dateModified":"2025-03-07T09:15:33+00:00","breadcrumb":{"@id":"https:\/\/privakreed.com\/index.php\/pret-voyage\/#breadcrumb"},"inLanguage":"fr-FR","potentialAction":[{"@type":"ReadAction","target":["https:\/\/privakreed.com\/index.php\/pret-voyage\/"]}]},{"@type":"BreadcrumbList","@id":"https:\/\/privakreed.com\/index.php\/pret-voyage\/#breadcrumb","itemListElement":[{"@type":"ListItem","position":1,"name":"Accueil","item":"https:\/\/privakreed.com\/"},{"@type":"ListItem","position":2,"name":"Pr\u00eat voyage"}]},{"@type":"WebSite","@id":"https:\/\/privakreed.com\/#website","url":"https:\/\/privakreed.com\/","name":"Crevits Financer","description":"Le cr\u00e9dit qu&#039;il vous faut","publisher":{"@id":"https:\/\/privakreed.com\/#organization"},"potentialAction":[{"@type":"SearchAction","target":{"@type":"EntryPoint","urlTemplate":"https:\/\/privakreed.com\/?s={search_term_string}"},"query-input":{"@type":"PropertyValueSpecification","valueRequired":true,"valueName":"search_term_string"}}],"inLanguage":"fr-FR"},{"@type":"Organization","@id":"https:\/\/privakreed.com\/#organization","name":"Crevits Financer","url":"https:\/\/privakreed.com\/","logo":{"@type":"ImageObject","inLanguage":"fr-FR","@id":"https:\/\/privakreed.com\/#\/schema\/logo\/image\/","url":"https:\/\/privakreed.com\/wp-content\/uploads\/2024\/03\/CREVITS-FINANCER.png","contentUrl":"https:\/\/privakreed.com\/wp-content\/uploads\/2024\/03\/CREVITS-FINANCER.png","width":176,"height":50,"caption":"Crevits Financer"},"image":{"@id":"https:\/\/privakreed.com\/#\/schema\/logo\/image\/"}}]}},"_links":{"self":[{"href":"https:\/\/privakreed.com\/index.php\/wp-json\/wp\/v2\/pages\/135","targetHints":{"allow":["GET"]}}],"collection":[{"href":"https:\/\/privakreed.com\/index.php\/wp-json\/wp\/v2\/pages"}],"about":[{"href":"https:\/\/privakreed.com\/index.php\/wp-json\/wp\/v2\/types\/page"}],"author":[{"embeddable":true,"href":"https:\/\/privakreed.com\/index.php\/wp-json\/wp\/v2\/users\/1"}],"replies":[{"embeddable":true,"href":"https:\/\/privakreed.com\/index.php\/wp-json\/wp\/v2\/comments?post=135"}],"version-history":[{"count":19,"href":"https:\/\/privakreed.com\/index.php\/wp-json\/wp\/v2\/pages\/135\/revisions"}],"predecessor-version":[{"id":713,"href":"https:\/\/privakreed.com\/index.php\/wp-json\/wp\/v2\/pages\/135\/revisions\/713"}],"wp:attachment":[{"href":"https:\/\/privakreed.com\/index.php\/wp-json\/wp\/v2\/media?parent=135"}],"curies":[{"name":"wp","href":"https:\/\/api.w.org\/{rel}","templated":true}]}}