{"id":137,"date":"2024-03-22T14:08:27","date_gmt":"2024-03-22T13:08:27","guid":{"rendered":"https:\/\/privakreed.com\/?page_id=137"},"modified":"2025-03-07T10:16:49","modified_gmt":"2025-03-07T09:16:49","slug":"pret-agricole","status":"publish","type":"page","link":"https:\/\/privakreed.com\/index.php\/pret-agricole\/","title":{"rendered":"Pr\u00eat agricole"},"content":{"rendered":"\t\t<div data-elementor-type=\"wp-page\" data-elementor-id=\"137\" class=\"elementor elementor-137\" data-elementor-post-type=\"page\">\n\t\t\t\t<div class=\"elementor-element elementor-element-deef572 e-flex e-con-boxed e-con e-parent\" data-id=\"deef572\" data-element_type=\"container\" data-settings=\"{&quot;background_background&quot;:&quot;classic&quot;}\">\n\t\t\t\t\t<div class=\"e-con-inner\">\n\t\t\t\t<div class=\"elementor-element elementor-element-dbb5222 elementor-widget elementor-widget-heading\" data-id=\"dbb5222\" data-element_type=\"widget\" data-widget_type=\"heading.default\">\n\t\t\t\t<div class=\"elementor-widget-container\">\n\t\t\t\t\t<h2 class=\"elementor-heading-title elementor-size-default\">Pr\u00eat personnel agricole<\/h2>\t\t\t\t<\/div>\n\t\t\t\t<\/div>\n\t\t\t\t\t<\/div>\n\t\t\t\t<\/div>\n\t\t<div class=\"elementor-element elementor-element-789d943 e-flex e-con-boxed e-con e-parent\" data-id=\"789d943\" data-element_type=\"container\">\n\t\t\t\t\t<div class=\"e-con-inner\">\n\t\t\t\t<div class=\"elementor-element elementor-element-cb5ffb9 elementor-widget elementor-widget-heading\" data-id=\"cb5ffb9\" data-element_type=\"widget\" data-widget_type=\"heading.default\">\n\t\t\t\t<div class=\"elementor-widget-container\">\n\t\t\t\t\t<h5 class=\"elementor-heading-title elementor-size-default\">L\u2019agriculture est un secteur d\u2019activit\u00e9 \u00e0 part. De son installation \u00e0 sa retraite, l\u2019agriculteur doit investir r\u00e9guli\u00e8rement pour maintenir sa productivit\u00e9 et les banques ne r\u00e9pondent pas toujours pr\u00e9sentes. Mais une autre solution s\u2019offre aux agriculteurs : le pr\u00eat personnel agricole sans banque. Comme son nom l\u2019indique, ce mode de financement permet d\u2019obtenir les fonds n\u00e9cessaires sans passer par une banque.\n<\/h5>\t\t\t\t<\/div>\n\t\t\t\t<\/div>\n\t\t\t\t\t<\/div>\n\t\t\t\t<\/div>\n\t\t<div class=\"elementor-element elementor-element-56523e5 e-flex e-con-boxed e-con e-parent\" data-id=\"56523e5\" data-element_type=\"container\">\n\t\t\t\t\t<div class=\"e-con-inner\">\n\t\t\t\t<div class=\"elementor-element elementor-element-ab4f13d elementor-widget elementor-widget-heading\" data-id=\"ab4f13d\" data-element_type=\"widget\" data-widget_type=\"heading.default\">\n\t\t\t\t<div class=\"elementor-widget-container\">\n\t\t\t\t\t<h2 class=\"elementor-heading-title elementor-size-default\">Pourquoi choisir un cr\u00e9dit personnel agricole\u2009?<\/h2>\t\t\t\t<\/div>\n\t\t\t\t<\/div>\n\t\t\t\t<div class=\"elementor-element elementor-element-b76982e elementor-widget elementor-widget-text-editor\" data-id=\"b76982e\" data-element_type=\"widget\" data-widget_type=\"text-editor.default\">\n\t\t\t\t<div class=\"elementor-widget-container\">\n\t\t\t\t\t\t\t\t\t<p><strong>Le pr\u00eat personnel agricole<\/strong><strong>\u00a0<\/strong><strong>est une solution de financement pour les agriculteurs<\/strong>. Sur le principe du financement participatif, l\u2019agriculteur b\u00e9n\u00e9ficie de l\u2019\u00e9pargne de particuliers investisseurs, d\u00e9lest\u00e9e des frais bancaires. Ce mode d\u2019emprunt gagnant-gagnant assure un taux juste, une r\u00e9ponse rapide et permet d\u2019\u00e9viter les frais cach\u00e9s\u2009! C\u2019est ce que propose Private kredit, au travers de pr\u00eats personnels aux particuliers aussi souples que transparents.<\/p>\t\t\t\t\t\t\t\t<\/div>\n\t\t\t\t<\/div>\n\t\t\t\t\t<\/div>\n\t\t\t\t<\/div>\n\t\t<div class=\"elementor-element elementor-element-a295e3f e-flex e-con-boxed e-con e-parent\" data-id=\"a295e3f\" data-element_type=\"container\">\n\t\t\t\t\t<div class=\"e-con-inner\">\n\t\t\t\t<div class=\"elementor-element elementor-element-2040d96 elementor-widget elementor-widget-heading\" data-id=\"2040d96\" data-element_type=\"widget\" data-widget_type=\"heading.default\">\n\t\t\t\t<div class=\"elementor-widget-container\">\n\t\t\t\t\t<h2 class=\"elementor-heading-title elementor-size-default\">Puis-je financer l\u2019installation de mon exploitation agricole avec Private kredit<\/h2>\t\t\t\t<\/div>\n\t\t\t\t<\/div>\n\t\t\t\t<div class=\"elementor-element elementor-element-8a734f5 elementor-widget elementor-widget-text-editor\" data-id=\"8a734f5\" data-element_type=\"widget\" data-widget_type=\"text-editor.default\">\n\t\t\t\t<div class=\"elementor-widget-container\">\n\t\t\t\t\t\t\t\t\t<p>Private kredit ne distribue pas de pr\u00eat personnel agricole, pour la bonne et simple raison que nous ne sommes pas habilit\u00e9s \u00e0 financer les projets professionnels. Toutefois, pour permettre aux agriculteurs d\u2019obtenir un financement au meilleur taux, nous les redirigeons vers nos partenaires de confiance sp\u00e9cialis\u00e9s dans ce domaine.<\/p>\t\t\t\t\t\t\t\t<\/div>\n\t\t\t\t<\/div>\n\t\t\t\t\t<\/div>\n\t\t\t\t<\/div>\n\t\t<div class=\"elementor-element elementor-element-39857b9 e-flex e-con-boxed e-con e-parent\" data-id=\"39857b9\" data-element_type=\"container\">\n\t\t\t\t\t<div class=\"e-con-inner\">\n\t\t<div class=\"elementor-element elementor-element-2bdde58 e-flex e-con-boxed e-con e-child\" data-id=\"2bdde58\" data-element_type=\"container\">\n\t\t\t\t\t<div class=\"e-con-inner\">\n\t\t<div class=\"elementor-element elementor-element-82fc4af e-flex e-con-boxed e-con e-child\" data-id=\"82fc4af\" data-element_type=\"container\">\n\t\t\t\t\t<div class=\"e-con-inner\">\n\t\t<div class=\"elementor-element elementor-element-0c87bb4 e-flex e-con-boxed e-con e-child\" data-id=\"0c87bb4\" data-element_type=\"container\">\n\t\t\t\t\t<div class=\"e-con-inner\">\n\t\t\t\t<div class=\"elementor-element elementor-element-55be37b elementor-cta--skin-classic elementor-animated-content elementor-bg-transform elementor-bg-transform-zoom-in elementor-widget elementor-widget-call-to-action\" data-id=\"55be37b\" data-element_type=\"widget\" data-widget_type=\"call-to-action.default\">\n\t\t\t\t<div class=\"elementor-widget-container\">\n\t\t\t\t\t\t\t<div class=\"elementor-cta\">\n\t\t\t\t\t\t\t<div class=\"elementor-cta__content\">\n\t\t\t\t\n\t\t\t\t<h2 class=\"elementor-cta__title elementor-cta__content-item elementor-content-item\">Vous h\u00e9sitez encore ?<\/h2>\n\t\t\t\t\t\t\t\t\t<div class=\"elementor-cta__description elementor-cta__content-item elementor-content-item\">\n\t\t\t\t\t\tPrivate kredit vous aide \u00e0 trouver le cr\u00e9dit qui est vraiment fait pour vous.\t\t\t\t\t<\/div>\n\t\t\t\t\n\t\t\t\t\t\t\t\t\t<div class=\"elementor-cta__button-wrapper elementor-cta__content-item elementor-content-item \">\n\t\t\t\t\t<a class=\"elementor-cta__button elementor-button elementor-size-sm\" href=\"https:\/\/privakreed.com\/index.php\/demander-un-credit\/\">\n\t\t\t\t\t\tDemander un cr\u00e9dit\t\t\t\t\t<\/a>\n\t\t\t\t\t<\/div>\n\t\t\t\t\t\t\t<\/div>\n\t\t\t\t\t\t<\/div>\n\t\t\t\t\t\t<\/div>\n\t\t\t\t<\/div>\n\t\t\t\t\t<\/div>\n\t\t\t\t<\/div>\n\t\t\t\t\t<\/div>\n\t\t\t\t<\/div>\n\t\t\t\t\t<\/div>\n\t\t\t\t<\/div>\n\t\t\t\t\t<\/div>\n\t\t\t\t<\/div>\n\t\t\t\t<\/div>\n\t\t","protected":false},"excerpt":{"rendered":"<p>Pr\u00eat personnel agricole L\u2019agriculture est un secteur d\u2019activit\u00e9 \u00e0 part. De son installation \u00e0 sa retraite, l\u2019agriculteur doit investir r\u00e9guli\u00e8rement pour maintenir sa productivit\u00e9 et les banques ne r\u00e9pondent pas toujours pr\u00e9sentes. Mais une autre solution s\u2019offre aux agriculteurs : le pr\u00eat personnel agricole sans banque. Comme son nom l\u2019indique, ce mode de financement permet [&hellip;]<\/p>\n","protected":false},"author":1,"featured_media":0,"parent":0,"menu_order":0,"comment_status":"closed","ping_status":"closed","template":"elementor_header_footer","meta":{"footnotes":""},"class_list":["post-137","page","type-page","status-publish","hentry"],"yoast_head":"<!-- This site is optimized with the Yoast SEO plugin v25.6 - https:\/\/yoast.com\/wordpress\/plugins\/seo\/ -->\n<title>Pr\u00eat agricole - Private kredit<\/title>\n<meta name=\"robots\" content=\"index, follow, max-snippet:-1, max-image-preview:large, max-video-preview:-1\" \/>\n<link rel=\"canonical\" href=\"https:\/\/privakreed.com\/index.php\/pret-agricole\/\" \/>\n<meta property=\"og:locale\" content=\"fr_FR\" \/>\n<meta property=\"og:type\" content=\"article\" \/>\n<meta property=\"og:title\" content=\"Pr\u00eat agricole - Private kredit\" \/>\n<meta property=\"og:description\" content=\"Pr\u00eat personnel agricole L\u2019agriculture est un secteur d\u2019activit\u00e9 \u00e0 part. De son installation \u00e0 sa retraite, l\u2019agriculteur doit investir r\u00e9guli\u00e8rement pour maintenir sa productivit\u00e9 et les banques ne r\u00e9pondent pas toujours pr\u00e9sentes. Mais une autre solution s\u2019offre aux agriculteurs : le pr\u00eat personnel agricole sans banque. Comme son nom l\u2019indique, ce mode de financement permet [&hellip;]\" \/>\n<meta property=\"og:url\" content=\"https:\/\/privakreed.com\/index.php\/pret-agricole\/\" \/>\n<meta property=\"og:site_name\" content=\"Private kredit\" \/>\n<meta property=\"article:modified_time\" content=\"2025-03-07T09:16:49+00:00\" \/>\n<meta name=\"twitter:card\" content=\"summary_large_image\" \/>\n<meta name=\"twitter:label1\" content=\"Dur\u00e9e de lecture estim\u00e9e\" \/>\n\t<meta name=\"twitter:data1\" content=\"2 minutes\" \/>\n<script type=\"application\/ld+json\" class=\"yoast-schema-graph\">{\"@context\":\"https:\/\/schema.org\",\"@graph\":[{\"@type\":\"WebPage\",\"@id\":\"https:\/\/privakreed.com\/index.php\/pret-agricole\/\",\"url\":\"https:\/\/privakreed.com\/index.php\/pret-agricole\/\",\"name\":\"Pr\u00eat agricole - Private kredit\",\"isPartOf\":{\"@id\":\"https:\/\/privakreed.com\/#website\"},\"datePublished\":\"2024-03-22T13:08:27+00:00\",\"dateModified\":\"2025-03-07T09:16:49+00:00\",\"breadcrumb\":{\"@id\":\"https:\/\/privakreed.com\/index.php\/pret-agricole\/#breadcrumb\"},\"inLanguage\":\"fr-FR\",\"potentialAction\":[{\"@type\":\"ReadAction\",\"target\":[\"https:\/\/privakreed.com\/index.php\/pret-agricole\/\"]}]},{\"@type\":\"BreadcrumbList\",\"@id\":\"https:\/\/privakreed.com\/index.php\/pret-agricole\/#breadcrumb\",\"itemListElement\":[{\"@type\":\"ListItem\",\"position\":1,\"name\":\"Accueil\",\"item\":\"https:\/\/privakreed.com\/\"},{\"@type\":\"ListItem\",\"position\":2,\"name\":\"Pr\u00eat agricole\"}]},{\"@type\":\"WebSite\",\"@id\":\"https:\/\/privakreed.com\/#website\",\"url\":\"https:\/\/privakreed.com\/\",\"name\":\"Crevits Financer\",\"description\":\"Le cr\u00e9dit qu&#039;il vous faut\",\"publisher\":{\"@id\":\"https:\/\/privakreed.com\/#organization\"},\"potentialAction\":[{\"@type\":\"SearchAction\",\"target\":{\"@type\":\"EntryPoint\",\"urlTemplate\":\"https:\/\/privakreed.com\/?s={search_term_string}\"},\"query-input\":{\"@type\":\"PropertyValueSpecification\",\"valueRequired\":true,\"valueName\":\"search_term_string\"}}],\"inLanguage\":\"fr-FR\"},{\"@type\":\"Organization\",\"@id\":\"https:\/\/privakreed.com\/#organization\",\"name\":\"Crevits Financer\",\"url\":\"https:\/\/privakreed.com\/\",\"logo\":{\"@type\":\"ImageObject\",\"inLanguage\":\"fr-FR\",\"@id\":\"https:\/\/privakreed.com\/#\/schema\/logo\/image\/\",\"url\":\"https:\/\/privakreed.com\/wp-content\/uploads\/2024\/03\/CREVITS-FINANCER.png\",\"contentUrl\":\"https:\/\/privakreed.com\/wp-content\/uploads\/2024\/03\/CREVITS-FINANCER.png\",\"width\":176,\"height\":50,\"caption\":\"Crevits Financer\"},\"image\":{\"@id\":\"https:\/\/privakreed.com\/#\/schema\/logo\/image\/\"}}]}<\/script>\n<!-- \/ Yoast SEO plugin. -->","yoast_head_json":{"title":"Pr\u00eat agricole - Private kredit","robots":{"index":"index","follow":"follow","max-snippet":"max-snippet:-1","max-image-preview":"max-image-preview:large","max-video-preview":"max-video-preview:-1"},"canonical":"https:\/\/privakreed.com\/index.php\/pret-agricole\/","og_locale":"fr_FR","og_type":"article","og_title":"Pr\u00eat agricole - Private kredit","og_description":"Pr\u00eat personnel agricole L\u2019agriculture est un secteur d\u2019activit\u00e9 \u00e0 part. De son installation \u00e0 sa retraite, l\u2019agriculteur doit investir r\u00e9guli\u00e8rement pour maintenir sa productivit\u00e9 et les banques ne r\u00e9pondent pas toujours pr\u00e9sentes. Mais une autre solution s\u2019offre aux agriculteurs : le pr\u00eat personnel agricole sans banque. Comme son nom l\u2019indique, ce mode de financement permet [&hellip;]","og_url":"https:\/\/privakreed.com\/index.php\/pret-agricole\/","og_site_name":"Private kredit","article_modified_time":"2025-03-07T09:16:49+00:00","twitter_card":"summary_large_image","twitter_misc":{"Dur\u00e9e de lecture estim\u00e9e":"2 minutes"},"schema":{"@context":"https:\/\/schema.org","@graph":[{"@type":"WebPage","@id":"https:\/\/privakreed.com\/index.php\/pret-agricole\/","url":"https:\/\/privakreed.com\/index.php\/pret-agricole\/","name":"Pr\u00eat agricole - Private kredit","isPartOf":{"@id":"https:\/\/privakreed.com\/#website"},"datePublished":"2024-03-22T13:08:27+00:00","dateModified":"2025-03-07T09:16:49+00:00","breadcrumb":{"@id":"https:\/\/privakreed.com\/index.php\/pret-agricole\/#breadcrumb"},"inLanguage":"fr-FR","potentialAction":[{"@type":"ReadAction","target":["https:\/\/privakreed.com\/index.php\/pret-agricole\/"]}]},{"@type":"BreadcrumbList","@id":"https:\/\/privakreed.com\/index.php\/pret-agricole\/#breadcrumb","itemListElement":[{"@type":"ListItem","position":1,"name":"Accueil","item":"https:\/\/privakreed.com\/"},{"@type":"ListItem","position":2,"name":"Pr\u00eat agricole"}]},{"@type":"WebSite","@id":"https:\/\/privakreed.com\/#website","url":"https:\/\/privakreed.com\/","name":"Crevits Financer","description":"Le cr\u00e9dit qu&#039;il vous faut","publisher":{"@id":"https:\/\/privakreed.com\/#organization"},"potentialAction":[{"@type":"SearchAction","target":{"@type":"EntryPoint","urlTemplate":"https:\/\/privakreed.com\/?s={search_term_string}"},"query-input":{"@type":"PropertyValueSpecification","valueRequired":true,"valueName":"search_term_string"}}],"inLanguage":"fr-FR"},{"@type":"Organization","@id":"https:\/\/privakreed.com\/#organization","name":"Crevits Financer","url":"https:\/\/privakreed.com\/","logo":{"@type":"ImageObject","inLanguage":"fr-FR","@id":"https:\/\/privakreed.com\/#\/schema\/logo\/image\/","url":"https:\/\/privakreed.com\/wp-content\/uploads\/2024\/03\/CREVITS-FINANCER.png","contentUrl":"https:\/\/privakreed.com\/wp-content\/uploads\/2024\/03\/CREVITS-FINANCER.png","width":176,"height":50,"caption":"Crevits Financer"},"image":{"@id":"https:\/\/privakreed.com\/#\/schema\/logo\/image\/"}}]}},"_links":{"self":[{"href":"https:\/\/privakreed.com\/index.php\/wp-json\/wp\/v2\/pages\/137","targetHints":{"allow":["GET"]}}],"collection":[{"href":"https:\/\/privakreed.com\/index.php\/wp-json\/wp\/v2\/pages"}],"about":[{"href":"https:\/\/privakreed.com\/index.php\/wp-json\/wp\/v2\/types\/page"}],"author":[{"embeddable":true,"href":"https:\/\/privakreed.com\/index.php\/wp-json\/wp\/v2\/users\/1"}],"replies":[{"embeddable":true,"href":"https:\/\/privakreed.com\/index.php\/wp-json\/wp\/v2\/comments?post=137"}],"version-history":[{"count":40,"href":"https:\/\/privakreed.com\/index.php\/wp-json\/wp\/v2\/pages\/137\/revisions"}],"predecessor-version":[{"id":716,"href":"https:\/\/privakreed.com\/index.php\/wp-json\/wp\/v2\/pages\/137\/revisions\/716"}],"wp:attachment":[{"href":"https:\/\/privakreed.com\/index.php\/wp-json\/wp\/v2\/media?parent=137"}],"curies":[{"name":"wp","href":"https:\/\/api.w.org\/{rel}","templated":true}]}}